{"id":1703,"date":"2026-02-18T13:05:29","date_gmt":"2026-02-18T12:05:29","guid":{"rendered":"https:\/\/chu-a-art.com\/?page_id=1703"},"modified":"2026-02-27T12:01:50","modified_gmt":"2026-02-27T11:01:50","slug":"coordonnees-2","status":"publish","type":"page","link":"https:\/\/chu-a-art.com\/index.php\/coordonnees-2\/","title":{"rendered":"Coordonn\u00e9es 2"},"content":{"rendered":"\t\t<div data-elementor-type=\"wp-page\" data-elementor-id=\"1703\" class=\"elementor elementor-1703\">\n\t\t\t\t<div class=\"elementor-element elementor-element-5cc92a55 e-flex e-con-boxed e-con e-parent\" data-id=\"5cc92a55\" data-element_type=\"container\" data-e-type=\"container\">\n\t\t\t\t\t<div class=\"e-con-inner\">\n\t\t\t\t<div class=\"elementor-element elementor-element-20a183ea elementor-widget elementor-widget-html\" data-id=\"20a183ea\" data-element_type=\"widget\" data-e-type=\"widget\" data-widget_type=\"html.default\">\n\t\t\t\t<div class=\"elementor-widget-container\">\n\t\t\t\t\t<style>\n\/* Cache le texte bleu Amelia en bas *\/\n.am-cabinet-booking-footer, \n.booking-by-amelia, \n.am-fs__footer,\ndiv[class*=\"am-confirmation-footer\"] {\n    display: none !important;\n    height: 0 !important;\n    opacity: 0 !important;\n    pointer-events: none !important;\n}\n\n\/* Redonne un look bouton \u00e0 l'accord\u00e9on *\/\n.elementor-accordion .elementor-accordion-item {\n    border: 1px solid #101010 !important;\n    max-width: fit-content !important;\n    margin-bottom: 0 !important;\n}\n\n\/* Supprime les marges blanches autour du calendrier *\/\n.elementor-accordion .elementor-tab-content {\n    padding: 0 !important;\n    border: none !important;\n}\n\n\/* Supprime les arrondis des boutons Amelia *\/\n.am-fs__main-content, .el-button, .am-step-booking {\n    border-radius: 0 !important;\n}\n<\/style>\t\t\t\t<\/div>\n\t\t\t\t<\/div>\n\t\t\t\t\t<\/div>\n\t\t\t\t<\/div>\n\t\t<div class=\"elementor-element elementor-element-2cf91921 e-flex e-con-boxed e-con e-parent\" data-id=\"2cf91921\" data-element_type=\"container\" data-e-type=\"container\">\n\t\t\t\t\t<div class=\"e-con-inner\">\n\t\t<div class=\"elementor-element elementor-element-3dd60a4f e-con-full e-flex e-con e-child\" data-id=\"3dd60a4f\" data-element_type=\"container\" data-e-type=\"container\">\n\t\t\t\t<div class=\"elementor-element elementor-element-4eb44da6 elementor-widget__width-initial elementor-widget elementor-widget-image\" data-id=\"4eb44da6\" data-element_type=\"widget\" data-e-type=\"widget\" data-widget_type=\"image.default\">\n\t\t\t\t<div class=\"elementor-widget-container\">\n\t\t\t\t\t\t\t\t\t\t\t\t\t\t\t<img decoding=\"async\" src=\"https:\/\/chu-a-art.com\/wp-content\/uploads\/2026\/02\/Frame-2.jpg\" title=\"Frame 2\" alt=\"Frame 2\" loading=\"lazy\" \/>\t\t\t\t\t\t\t\t\t\t\t\t\t\t\t<\/div>\n\t\t\t\t<\/div>\n\t\t\t\t<\/div>\n\t\t<div class=\"elementor-element elementor-element-2cd3e963 e-con-full e-flex e-con e-child\" data-id=\"2cd3e963\" data-element_type=\"container\" data-e-type=\"container\">\n\t\t<div class=\"elementor-element elementor-element-7e31a1d e-con-full e-flex e-con e-child\" data-id=\"7e31a1d\" data-element_type=\"container\" data-e-type=\"container\">\n\t\t\t\t<div class=\"elementor-element elementor-element-51a94ab7 elementor-widget elementor-widget-heading\" data-id=\"51a94ab7\" data-element_type=\"widget\" data-e-type=\"widget\" data-widget_type=\"heading.default\">\n\t\t\t\t<div class=\"elementor-widget-container\">\n\t\t\t\t\t<h2 class=\"elementor-heading-title elementor-size-default\">Engager une conversation<\/h2>\t\t\t\t<\/div>\n\t\t\t\t<\/div>\n\t\t\t\t<\/div>\n\t\t<div class=\"elementor-element elementor-element-537ebdf5 e-con-full e-flex e-con e-child\" data-id=\"537ebdf5\" data-element_type=\"container\" data-e-type=\"container\">\n\t\t\t\t<div class=\"elementor-element elementor-element-329dca81 elementor-widget elementor-widget-text-editor\" data-id=\"329dca81\" data-element_type=\"widget\" data-e-type=\"widget\" data-widget_type=\"text-editor.default\">\n\t\t\t\t<div class=\"elementor-widget-container\">\n\t\t\t\t\t\t\t\t\t<p>Qu&rsquo;il s&rsquo;agisse d&rsquo;un projet d&rsquo;envergure ou d&rsquo;une r\u00e9flexion naissante, je suis \u00e0 l&rsquo;\u00e9coute de vos ambitions. Chaque collaboration commence par un \u00e9change sur vos enjeux et votre vision.<\/p>\t\t\t\t\t\t\t\t<\/div>\n\t\t\t\t<\/div>\n\t\t\t\t<div class=\"elementor-element elementor-element-6c2121d8 elementor-widget__width-auto elementor-widget elementor-widget-n-accordion\" data-id=\"6c2121d8\" data-element_type=\"widget\" data-e-type=\"widget\" data-settings=\"{&quot;default_state&quot;:&quot;all_collapsed&quot;,&quot;max_items_expended&quot;:&quot;one&quot;,&quot;n_accordion_animation_duration&quot;:{&quot;unit&quot;:&quot;ms&quot;,&quot;size&quot;:400,&quot;sizes&quot;:[]}}\" data-widget_type=\"nested-accordion.default\">\n\t\t\t\t<div class=\"elementor-widget-container\">\n\t\t\t\t\t\t\t<div class=\"e-n-accordion\" aria-label=\"Accordion. Open links with Enter or Space, close with Escape, and navigate with Arrow Keys\">\n\t\t\t\t\t\t<details id=\"\n&lt;script&gt;\n  if (typeof hasAmeliaEntitiesApiCall === &#039;undefined&#039; &amp;&amp; (&#039;&#039; === &#039;&#039; &amp;&amp; &#039;&#039; !== &#039;1&#039;)) {\n    var hasAmeliaEntitiesApiCall = true;\n  }\n  var ameliaShortcodeData = (typeof ameliaShortcodeData === &#039;undefined&#039;) ? [] : ameliaShortcodeData;\n  ameliaShortcodeData.push(\n    {\n      &#039;hasApiCall&#039;: (typeof hasAmeliaEntitiesApiCall !== &#039;undefined&#039;) &amp;&amp; hasAmeliaEntitiesApiCall,\n      &#039;trigger&#039;: &#039;&#039;,\n      &#039;trigger_type&#039;: &#039;&#039;,\n      &#039;triggered_form&#039;: &#039;sbsNew&#039;,\n      &#039;in_dialog&#039;: &#039;&#039;,\n      &#039;show&#039;: &#039;&#039;,\n      &#039;counter&#039;: &#039;1000&#039;,\n      &#039;category&#039;: &#039;&#039;,\n      &#039;service&#039;: &#039;&#039;,\n      &#039;employee&#039;: &#039;&#039;,\n      &#039;location&#039;: &#039;&#039;,\n      &#039;package&#039;: &#039;&#039;,\n      &#039;layout&#039;: &#039;&#039;,\n    }\n  );\n\n  var ameliaShortcodeDataTriggered = (typeof ameliaShortcodeDataTriggered === &#039;undefined&#039;) ? [] : ameliaShortcodeDataTriggered;\n  if (ameliaShortcodeData[ameliaShortcodeData.length - 1].trigger !== &#039;&#039;) {\n    if (ameliaShortcodeDataTriggered.filter(a =&gt; a.counter === ameliaShortcodeData[ameliaShortcodeData.length - 1].counter).length === 0) {\n      ameliaShortcodeDataTriggered.push(ameliaShortcodeData.pop());\n    } else {\n      ameliaShortcodeData.pop()\n    }\n  }\n  if (typeof hasAmeliaEntitiesApiCall !== &#039;undefined&#039; &amp;&amp; hasAmeliaEntitiesApiCall) {\n    hasAmeliaEntitiesApiCall = false;\n  }\n&lt;\/script&gt;\n\n&lt;div\n  id=&quot;amelia-v2-booking-1000&quot;\n  class=&quot;amelia-v2-booking&quot;\n &gt;\n    &lt;step-form-wrapper&gt;&lt;\/step-form-wrapper&gt;&lt;\/div&gt;\n\" class=\"e-n-accordion-item\" >\n\t\t\t\t<summary class=\"e-n-accordion-item-title\" data-accordion-index=\"1\" tabindex=\"0\" aria-expanded=\"false\" aria-controls=\"\n&lt;script&gt;\n  if (typeof hasAmeliaEntitiesApiCall === &#039;undefined&#039; &amp;&amp; (&#039;&#039; === &#039;&#039; &amp;&amp; &#039;&#039; !== &#039;1&#039;)) {\n    var hasAmeliaEntitiesApiCall = true;\n  }\n  var ameliaShortcodeData = (typeof ameliaShortcodeData === &#039;undefined&#039;) ? [] : ameliaShortcodeData;\n  ameliaShortcodeData.push(\n    {\n      &#039;hasApiCall&#039;: (typeof hasAmeliaEntitiesApiCall !== &#039;undefined&#039;) &amp;&amp; hasAmeliaEntitiesApiCall,\n      &#039;trigger&#039;: &#039;&#039;,\n      &#039;trigger_type&#039;: &#039;&#039;,\n      &#039;triggered_form&#039;: &#039;sbsNew&#039;,\n      &#039;in_dialog&#039;: &#039;&#039;,\n      &#039;show&#039;: &#039;&#039;,\n      &#039;counter&#039;: &#039;1001&#039;,\n      &#039;category&#039;: &#039;&#039;,\n      &#039;service&#039;: &#039;&#039;,\n      &#039;employee&#039;: &#039;&#039;,\n      &#039;location&#039;: &#039;&#039;,\n      &#039;package&#039;: &#039;&#039;,\n      &#039;layout&#039;: &#039;&#039;,\n    }\n  );\n\n  var ameliaShortcodeDataTriggered = (typeof ameliaShortcodeDataTriggered === &#039;undefined&#039;) ? [] : ameliaShortcodeDataTriggered;\n  if (ameliaShortcodeData[ameliaShortcodeData.length - 1].trigger !== &#039;&#039;) {\n    if (ameliaShortcodeDataTriggered.filter(a =&gt; a.counter === ameliaShortcodeData[ameliaShortcodeData.length - 1].counter).length === 0) {\n      ameliaShortcodeDataTriggered.push(ameliaShortcodeData.pop());\n    } else {\n      ameliaShortcodeData.pop()\n    }\n  }\n  if (typeof hasAmeliaEntitiesApiCall !== &#039;undefined&#039; &amp;&amp; hasAmeliaEntitiesApiCall) {\n    hasAmeliaEntitiesApiCall = false;\n  }\n&lt;\/script&gt;\n\n&lt;div\n  id=&quot;amelia-v2-booking-1001&quot;\n  class=&quot;amelia-v2-booking&quot;\n &gt;\n    &lt;step-form-wrapper&gt;&lt;\/step-form-wrapper&gt;&lt;\/div&gt;\n\" >\n\t\t\t\t\t<span class='e-n-accordion-item-title-header'><div class=\"e-n-accordion-item-title-text\"> Planifier maintenant <\/div><\/span>\n\t\t\t\t\t\t\t\t\t<\/summary>\n\t\t\t\t<div role=\"region\" aria-labelledby=\"\n&lt;script&gt;\n  if (typeof hasAmeliaEntitiesApiCall === &#039;undefined&#039; &amp;&amp; (&#039;&#039; === &#039;&#039; &amp;&amp; &#039;&#039; !== &#039;1&#039;)) {\n    var hasAmeliaEntitiesApiCall = true;\n  }\n  var ameliaShortcodeData = (typeof ameliaShortcodeData === &#039;undefined&#039;) ? [] : ameliaShortcodeData;\n  ameliaShortcodeData.push(\n    {\n      &#039;hasApiCall&#039;: (typeof hasAmeliaEntitiesApiCall !== &#039;undefined&#039;) &amp;&amp; hasAmeliaEntitiesApiCall,\n      &#039;trigger&#039;: &#039;&#039;,\n      &#039;trigger_type&#039;: &#039;&#039;,\n      &#039;triggered_form&#039;: &#039;sbsNew&#039;,\n      &#039;in_dialog&#039;: &#039;&#039;,\n      &#039;show&#039;: &#039;&#039;,\n      &#039;counter&#039;: &#039;1002&#039;,\n      &#039;category&#039;: &#039;&#039;,\n      &#039;service&#039;: &#039;&#039;,\n      &#039;employee&#039;: &#039;&#039;,\n      &#039;location&#039;: &#039;&#039;,\n      &#039;package&#039;: &#039;&#039;,\n      &#039;layout&#039;: &#039;&#039;,\n    }\n  );\n\n  var ameliaShortcodeDataTriggered = (typeof ameliaShortcodeDataTriggered === &#039;undefined&#039;) ? [] : ameliaShortcodeDataTriggered;\n  if (ameliaShortcodeData[ameliaShortcodeData.length - 1].trigger !== &#039;&#039;) {\n    if (ameliaShortcodeDataTriggered.filter(a =&gt; a.counter === ameliaShortcodeData[ameliaShortcodeData.length - 1].counter).length === 0) {\n      ameliaShortcodeDataTriggered.push(ameliaShortcodeData.pop());\n    } else {\n      ameliaShortcodeData.pop()\n    }\n  }\n  if (typeof hasAmeliaEntitiesApiCall !== &#039;undefined&#039; &amp;&amp; hasAmeliaEntitiesApiCall) {\n    hasAmeliaEntitiesApiCall = false;\n  }\n&lt;\/script&gt;\n\n&lt;div\n  id=&quot;amelia-v2-booking-1002&quot;\n  class=&quot;amelia-v2-booking&quot;\n &gt;\n    &lt;step-form-wrapper&gt;&lt;\/step-form-wrapper&gt;&lt;\/div&gt;\n\" class=\"elementor-element elementor-element-a3f1ca4 e-con-full e-flex e-con e-child\" data-id=\"a3f1ca4\" data-element_type=\"container\" data-e-type=\"container\">\n\t\t<div role=\"region\" aria-labelledby=\"\n&lt;script&gt;\n  if (typeof hasAmeliaEntitiesApiCall === &#039;undefined&#039; &amp;&amp; (&#039;&#039; === &#039;&#039; &amp;&amp; &#039;&#039; !== &#039;1&#039;)) {\n    var hasAmeliaEntitiesApiCall = true;\n  }\n  var ameliaShortcodeData = (typeof ameliaShortcodeData === &#039;undefined&#039;) ? [] : ameliaShortcodeData;\n  ameliaShortcodeData.push(\n    {\n      &#039;hasApiCall&#039;: (typeof hasAmeliaEntitiesApiCall !== &#039;undefined&#039;) &amp;&amp; hasAmeliaEntitiesApiCall,\n      &#039;trigger&#039;: &#039;&#039;,\n      &#039;trigger_type&#039;: &#039;&#039;,\n      &#039;triggered_form&#039;: &#039;sbsNew&#039;,\n      &#039;in_dialog&#039;: &#039;&#039;,\n      &#039;show&#039;: &#039;&#039;,\n      &#039;counter&#039;: &#039;1003&#039;,\n      &#039;category&#039;: &#039;&#039;,\n      &#039;service&#039;: &#039;&#039;,\n      &#039;employee&#039;: &#039;&#039;,\n      &#039;location&#039;: &#039;&#039;,\n      &#039;package&#039;: &#039;&#039;,\n      &#039;layout&#039;: &#039;&#039;,\n    }\n  );\n\n  var ameliaShortcodeDataTriggered = (typeof ameliaShortcodeDataTriggered === &#039;undefined&#039;) ? [] : ameliaShortcodeDataTriggered;\n  if (ameliaShortcodeData[ameliaShortcodeData.length - 1].trigger !== &#039;&#039;) {\n    if (ameliaShortcodeDataTriggered.filter(a =&gt; a.counter === ameliaShortcodeData[ameliaShortcodeData.length - 1].counter).length === 0) {\n      ameliaShortcodeDataTriggered.push(ameliaShortcodeData.pop());\n    } else {\n      ameliaShortcodeData.pop()\n    }\n  }\n  if (typeof hasAmeliaEntitiesApiCall !== &#039;undefined&#039; &amp;&amp; hasAmeliaEntitiesApiCall) {\n    hasAmeliaEntitiesApiCall = false;\n  }\n&lt;\/script&gt;\n\n&lt;div\n  id=&quot;amelia-v2-booking-1003&quot;\n  class=&quot;amelia-v2-booking&quot;\n &gt;\n    &lt;step-form-wrapper&gt;&lt;\/step-form-wrapper&gt;&lt;\/div&gt;\n\" class=\"elementor-element elementor-element-16d4b496 e-flex e-con-boxed e-con e-child\" data-id=\"16d4b496\" data-element_type=\"container\" data-e-type=\"container\">\n\t\t\t\t\t<div class=\"e-con-inner\">\n\t\t\t\t<div class=\"elementor-element elementor-element-4bccec12 elementor-widget elementor-widget-html\" data-id=\"4bccec12\" data-element_type=\"widget\" data-e-type=\"widget\" data-widget_type=\"html.default\">\n\t\t\t\t<div class=\"elementor-widget-container\">\n\t\t\t\t\t<div style=\"width:100%;height:100%;overflow:scroll\" id=\"my-cal-inline-30min\"><\/div>\n<script type=\"text\/javascript\">\n  (function (C, A, L) { let p = function (a, ar) { a.q.push(ar); }; let d = C.document; C.Cal = C.Cal || function () { let cal = C.Cal; let ar = arguments; if (!cal.loaded) { cal.ns = {}; cal.q = cal.q || []; d.head.appendChild(d.createElement(\"script\")).src = A; cal.loaded = true; } if (ar[0] === L) { const api = function () { p(api, arguments); }; const namespace = ar[1]; api.q = api.q || []; if(typeof namespace === \"string\"){cal.ns[namespace] = cal.ns[namespace] || api;p(cal.ns[namespace], ar);p(cal, [\"initNamespace\", namespace]);} else p(cal, ar); return;} p(cal, ar); }; })(window, \"https:\/\/app.cal.com\/embed\/embed.js\", \"init\");\n  \n  Cal(\"init\", \"30min\", {origin:\"https:\/\/app.cal.com\"});\n\n  Cal.ns[\"30min\"](\"inline\", {\n    elementOrSelector:\"#my-cal-inline-30min\",\n    config: {\n        \"layout\":\"month_view\",\n        \"useSlotsViewOnSmallScreen\":\"true\",\n        \"theme\":\"light\" \/\/ Fix\u00e9 sur light pour garantir vos couleurs\n    },\n    calLink: \"olivier-chu-a-artwork-petit-nec7ua\/30min\",\n  });\n\n  Cal.ns[\"30min\"](\"ui\", {\n      \"cssVarsPerTheme\": {\n          \"light\": {\n              \"cal-brand\": \"#0c0900\",          \/\/ Couleur des dates et boutons\n              \"cal-bg\": \"#fffff9\",             \/\/ Couleur du fond (background)\n              \"cal-text\": \"#0c0900\",           \/\/ Couleur du texte principal\n              \"cal-border-booker\": \"#0c0900\",  \/\/ Couleur des bordures\n              \"cal-text-muted\": \"#0c0900\"      \/\/ Couleur des textes secondaires\n          }\n      },\n      \"hideEventTypeDetails\": true,\n      \"layout\": \"month_view\"\n  });\n<\/script>\t\t\t\t<\/div>\n\t\t\t\t<\/div>\n\t\t\t\t\t<\/div>\n\t\t\t\t<\/div>\n\t\t\t\t<\/div>\n\t\t\t\t\t<\/details>\n\t\t\t\t\t<\/div>\n\t\t\t\t\t\t<\/div>\n\t\t\t\t<\/div>\n\t\t\t\t<\/div>\n\t\t\t\t<\/div>\n\t\t\t\t\t<\/div>\n\t\t\t\t<\/div>\n\t\t<div class=\"elementor-element elementor-element-53b84232 e-flex e-con-boxed e-con e-parent\" data-id=\"53b84232\" data-element_type=\"container\" data-e-type=\"container\">\n\t\t\t\t\t<div class=\"e-con-inner\">\n\t\t\t\t<div class=\"elementor-element elementor-element-6b29b8fd elementor-widget__width-initial elementor-widget elementor-widget-text-editor\" data-id=\"6b29b8fd\" data-element_type=\"widget\" data-e-type=\"widget\" data-widget_type=\"text-editor.default\">\n\t\t\t\t<div class=\"elementor-widget-container\">\n\t\t\t\t\t\t\t\t\t<p>olivierpeti@gmail.com<\/p>\t\t\t\t\t\t\t\t<\/div>\n\t\t\t\t<\/div>\n\t\t\t\t\t<\/div>\n\t\t\t\t<\/div>\n\t\t\t\t<\/div>\n\t\t","protected":false},"excerpt":{"rendered":"<p>Engager une conversation Qu&rsquo;il s&rsquo;agisse d&rsquo;un projet d&rsquo;envergure ou d&rsquo;une r\u00e9flexion naissante, je suis \u00e0 l&rsquo;\u00e9coute de vos ambitions. Chaque collaboration commence par un \u00e9change sur vos enjeux et votre vision. Planifier maintenant olivierpeti@gmail.com<\/p>\n","protected":false},"author":1,"featured_media":0,"parent":0,"menu_order":0,"comment_status":"closed","ping_status":"closed","template":"","meta":{"footnotes":""},"class_list":["post-1703","page","type-page","status-publish","hentry","missing-thumbnail"],"_links":{"self":[{"href":"https:\/\/chu-a-art.com\/index.php\/wp-json\/wp\/v2\/pages\/1703","targetHints":{"allow":["GET"]}}],"collection":[{"href":"https:\/\/chu-a-art.com\/index.php\/wp-json\/wp\/v2\/pages"}],"about":[{"href":"https:\/\/chu-a-art.com\/index.php\/wp-json\/wp\/v2\/types\/page"}],"author":[{"embeddable":true,"href":"https:\/\/chu-a-art.com\/index.php\/wp-json\/wp\/v2\/users\/1"}],"replies":[{"embeddable":true,"href":"https:\/\/chu-a-art.com\/index.php\/wp-json\/wp\/v2\/comments?post=1703"}],"version-history":[{"count":127,"href":"https:\/\/chu-a-art.com\/index.php\/wp-json\/wp\/v2\/pages\/1703\/revisions"}],"predecessor-version":[{"id":2096,"href":"https:\/\/chu-a-art.com\/index.php\/wp-json\/wp\/v2\/pages\/1703\/revisions\/2096"}],"wp:attachment":[{"href":"https:\/\/chu-a-art.com\/index.php\/wp-json\/wp\/v2\/media?parent=1703"}],"curies":[{"name":"wp","href":"https:\/\/api.w.org\/{rel}","templated":true}]}}